{"id":1357,"date":"2018-05-30T19:02:24","date_gmt":"2018-05-30T16:02:24","guid":{"rendered":"https:\/\/www.vengrup.com\/?page_id=1357"},"modified":"2018-07-02T15:41:42","modified_gmt":"2018-07-02T12:41:42","slug":"isi-geri-kazanim-uniteleri","status":"publish","type":"page","link":"https:\/\/www.vengrup.com\/?page_id=1357","title":{"rendered":"Is\u0131 Geri Kazan\u0131m \u00dcniteleri"},"content":{"rendered":"<p><\/p>\n<p>[vc_row el_class=&#8221;mobil-no&#8221;][vc_column width=&#8221;1\/4&#8243;][vc_widget_sidebar show_bg=&#8221;false&#8221; sidebar_id=&#8221;sidebar_5&#8243; el_class=&#8221;ozel-sidebar&#8221;][vc_widget_sidebar show_bg=&#8221;false&#8221; sidebar_id=&#8221;sidebar_6&#8243;][\/vc_column][vc_column width=&#8221;3\/4&#8243;][vc_row_inner][vc_column_inner width=&#8221;1\/3&#8243;][vc_single_image image=&#8221;1556&#8243; img_size=&#8221;full&#8221; alignment=&#8221;center&#8221; image_hovers=&#8221;false&#8221;][\/vc_column_inner][vc_column_inner width=&#8221;2\/3&#8243;][vc_column_text]<strong>VHRU&nbsp;&#8211; ISI GER\u0130 KAZANIM \u00dcN\u0130TELER\u0130<\/strong><br \/>\nVenGrup VHRU model \u0131s\u0131 geri kazan\u0131m \u00fcniteleri, ofis, derslik, toplant\u0131 salonlar\u0131 gibi temiz hava ihtiyac\u0131 olan mahallerde en ekonomik havaland\u0131rma \u00e7\u00f6z\u00fcm\u00fcd\u00fcr. Yaz\u0131n mahaldeki so\u011fuk hava enerjisini d\u0131\u015f ortamdan gelen taze hava \u00fczerine k\u0131\u015f\u0131nda mahaldeki s\u0131cak hava enerjisini d\u0131\u015f ortamdan gelen taze hava \u00fczerine aktararak enerji tasarrufu ger\u00e7ekle\u015ftirir. Havaland\u0131rma i\u015fleminin i\u015fletme maliyetini olduk\u00e7a d\u00fc\u015f\u00fcrd\u00fc\u011f\u00fc ve enerjinin verimli kullan\u0131lmas\u0131n\u0131 sa\u011flad\u0131\u011f\u0131 i\u00e7in yat\u0131r\u0131m maliyetlerini \u00e7ok k\u0131sa s\u00fcrede amorti etmektedir. Kabin y\u00fcksekli\u011fi d\u00fc\u015f\u00fck oldu\u011fu i\u00e7in asma tavan i\u00e7ine, y\u00fckseltilmi\u015f taban i\u00e7ine veya duvar panelleri aras\u0131na monte edilebilmektedir.[\/vc_column_text][\/vc_column_inner][\/vc_row_inner][\/vc_column][\/vc_row][vc_row el_class=&#8221;desktop-no&#8221;][vc_column][vc_row_inner][vc_column_inner width=&#8221;1\/3&#8243;][vc_single_image image=&#8221;1556&#8243; img_size=&#8221;full&#8221; alignment=&#8221;center&#8221; image_hovers=&#8221;false&#8221;][\/vc_column_inner][vc_column_inner width=&#8221;2\/3&#8243;][vc_column_text]<strong>VHRU&nbsp;&#8211; ISI GER\u0130 KAZANIM \u00dcN\u0130TELER\u0130<\/strong><br \/>\nVenGrup VHRU model \u0131s\u0131 geri kazan\u0131m \u00fcniteleri, ofis, derslik, toplant\u0131 salonlar\u0131 gibi temiz hava ihtiyac\u0131 olan mahallerde en ekonomik havaland\u0131rma \u00e7\u00f6z\u00fcm\u00fcd\u00fcr. Yaz\u0131n mahaldeki so\u011fuk hava enerjisini d\u0131\u015f ortamdan gelen taze hava \u00fczerine k\u0131\u015f\u0131nda mahaldeki s\u0131cak hava enerjisini d\u0131\u015f ortamdan gelen taze hava \u00fczerine aktararak enerji tasarrufu ger\u00e7ekle\u015ftirir. Havaland\u0131rma i\u015fleminin i\u015fletme maliyetini olduk\u00e7a d\u00fc\u015f\u00fcrd\u00fc\u011f\u00fc ve enerjinin verimli kullan\u0131lmas\u0131n\u0131 sa\u011flad\u0131\u011f\u0131 i\u00e7in yat\u0131r\u0131m maliyetlerini \u00e7ok k\u0131sa s\u00fcrede amorti etmektedir. Kabin y\u00fcksekli\u011fi d\u00fc\u015f\u00fck oldu\u011fu i\u00e7in asma tavan i\u00e7ine, y\u00fckseltilmi\u015f taban i\u00e7ine veya duvar panelleri aras\u0131na monte edilebilmektedir.[\/vc_column_text][\/vc_column_inner][\/vc_row_inner][vc_widget_sidebar show_bg=&#8221;false&#8221; sidebar_id=&#8221;sidebar_5&#8243; el_class=&#8221;ozel-sidebar-mobil&#8221;][vc_widget_sidebar show_bg=&#8221;false&#8221; sidebar_id=&#8221;sidebar_6&#8243;][\/vc_column][\/vc_row]<\/p>\n<p><\/p>","protected":false},"excerpt":{"rendered":"<p>[vc_row el_class=&#8221;mobil-no&#8221;][vc_column width=&#8221;1\/4&#8243;][vc_widget_sidebar show_bg=&#8221;false&#8221; sidebar_id=&#8221;sidebar_5&#8243; el_class=&#8221;ozel-sidebar&#8221;][vc_widget_sidebar show_bg=&#8221;false&#8221; sidebar_id=&#8221;sidebar_6&#8243;][\/vc_column][vc_column width=&#8221;3\/4&#8243;][vc_row_inner][vc_column_inner width=&#8221;1\/3&#8243;][vc_single_image image=&#8221;1556&#8243; img_size=&#8221;full&#8221; alignment=&#8221;center&#8221; image_hovers=&#8221;false&#8221;][\/vc_column_inner][vc_column_inner width=&#8221;2\/3&#8243;][vc_column_text]VHRU&nbsp;&#8211; ISI GER\u0130 KAZANIM \u00dcN\u0130TELER\u0130 VenGrup VHRU model \u0131s\u0131 geri kazan\u0131m \u00fcniteleri, ofis, derslik, toplant\u0131 salonlar\u0131 gibi temiz hava ihtiyac\u0131 olan mahallerde en ekonomik havaland\u0131rma \u00e7\u00f6z\u00fcm\u00fcd\u00fcr. Yaz\u0131n mahaldeki so\u011fuk hava enerjisini d\u0131\u015f ortamdan gelen taze hava \u00fczerine k\u0131\u015f\u0131nda mahaldeki s\u0131cak hava&hellip;<\/p>\n","protected":false},"author":1,"featured_media":0,"parent":713,"menu_order":0,"comment_status":"closed","ping_status":"closed","template":"","meta":{"ngg_post_thumbnail":0,"footnotes":""},"_links":{"self":[{"href":"https:\/\/www.vengrup.com\/index.php?rest_route=\/wp\/v2\/pages\/1357"}],"collection":[{"href":"https:\/\/www.vengrup.com\/index.php?rest_route=\/wp\/v2\/pages"}],"about":[{"href":"https:\/\/www.vengrup.com\/index.php?rest_route=\/wp\/v2\/types\/page"}],"author":[{"embeddable":true,"href":"https:\/\/www.vengrup.com\/index.php?rest_route=\/wp\/v2\/users\/1"}],"replies":[{"embeddable":true,"href":"https:\/\/www.vengrup.com\/index.php?rest_route=%2Fwp%2Fv2%2Fcomments&post=1357"}],"version-history":[{"count":8,"href":"https:\/\/www.vengrup.com\/index.php?rest_route=\/wp\/v2\/pages\/1357\/revisions"}],"predecessor-version":[{"id":1956,"href":"https:\/\/www.vengrup.com\/index.php?rest_route=\/wp\/v2\/pages\/1357\/revisions\/1956"}],"up":[{"embeddable":true,"href":"https:\/\/www.vengrup.com\/index.php?rest_route=\/wp\/v2\/pages\/713"}],"wp:attachment":[{"href":"https:\/\/www.vengrup.com\/index.php?rest_route=%2Fwp%2Fv2%2Fmedia&parent=1357"}],"curies":[{"name":"wp","href":"https:\/\/api.w.org\/{rel}","templated":true}]}}